p - x. What is the units digit of 21/p*8/3?
4
What is the tens digit of 2/(6/9) - -154?
5
Suppose i - 5*i = -16. What is the units digit of i?
4
Let j = 118 + -42. What is the tens digit of j?
7
Let n(g) = -8 + 7 - 3*g**3 + 13*g**3. What is the units digit of n(1)?
9
Let x(o) = 2*o**2 + 3*o + 6. Let d be x(-4). Suppose -d = -2*r - 0*r. Suppose r = 3*z - 20. What is the tens digit of z?
1
Let o(v) = -v**3 - 4*v**2 - 2*v - 3. Let q be o(-4). Suppose -7 + 2 = -q*h. What is the units digit of h*1*3/3?
1
Suppose -3*m = y + 3 - 41, -2*m + 2*y = -20. Let a(h) = h**2 + 3*h + 1. Let s be a(-2). Let i = s + m. What is the units digit of i?
1
Suppose q - 7 = -1. What is the tens digit of (-78)/8*(-16)/q?
2
Suppose -4*t + 3 = -3*z - 1, -2 = z - 2*t. Suppose -5*j + 66 + 14 = z. What is the tens digit of j?
1
Let y(g) = 13*g**2 - 5*g - 5. Let p(j) = -j**2 + j + 1. Suppose 0 = -6*t + 3*t - 3*o + 15, 4*o = 0. Let s(l) = t*p(l) + y(l). What is the units digit of s(-1)?
8
Let f(z) = 3*z - 9 - 3*z - 2*z - 4*z. Let d be f(-6). Let s = d + -16. What is the units digit of s?
1
Let d(t) = t**3 - 8*t**2 + 4*t + 4. What is the tens digit of d(8)?
3
Suppose a - 3 = 1. Suppose 8*w - 50 = -3*f + 3*w, 5*f + 5*w - 70 = 0. Suppose 12 = -a*y, 5 = 3*j + 4*y - f. What is the units digit of j?
9
Suppose 3*f + 9 = 2*x + x, 0 = -x - 3*f + 3. Suppose 5*b + 25 = 0, 5*q - 96 = -x*b + 29. What is the tens digit of q?
2
Suppose 2*j + 0*m = m + 121, 3*j - 4*m = 184. Suppose -5*p + 2*x + 46 = 0, -j = -5*p - x - 4*x. What is the tens digit of p?
1
Let n be (-4 - -3 - -1) + -2. What is the tens digit of (n - (2 - 18))*1?
1
Suppose -2*r = 2*a - 6, -4*a + 22 = a - 2*r. What is the units digit of (-3)/(-12) - (-51)/a?
3
Suppose 0 = g - 2*c - 2, 4 = 2*c - 4. What is the tens digit of g?
1
Suppose 3*l + 1 = -5. What is the tens digit of (0 + -1 - 4)*l?
1
Suppose 5*a - 136 = a. Suppose 4*r + 12 = 0, -d = 2*r - r - 18. Let b = a - d. What is the tens digit of b?
1
Let q = -81 + 157. Suppose 5*i - 19 = q. What is the units digit of i?
9
Let i = -1 - -2. Suppose c - 4 = -i, -y = 3*c - 12. What is the units digit of y?
3
Suppose -b + 6 - 2 = 0. Let z(g) = g**2 + 7 - 4 - 4*g + 2. What is the units digit of z(b)?
5
Let a = -11 + 15. Suppose 4*v + 14 - 42 = -3*x, a*v = -5*x + 52. What is the units digit of 93/x + 2/8?
8
Suppose 102 - 34 = 2*v. What is the units digit of v?
4
Suppose -4*b = -5*z - 8, -2 = 2*z - 2*b - 0. What is the tens digit of 2/z + (-100)/(-8)?
1
Suppose 2*r = 3*r - 36. What is the units digit of r?
6
Suppose 0 = d + 2*d - 921. What is the hundreds digit of d?
3
What is the hundreds digit of ((-12)/9)/(5/1035*-1)?
2
Let m(v) = 29*v + 46. What is the hundreds digit of m(5)?
1
Let u = 56 - 38. Suppose u = 4*q - 2*q. Suppose 0 = -v + q - 0. What is the units digit of v?
9
Let w(r) = -r**3 - r**2 - 5*r - 3. What is the units digit of w(-3)?
0
Let b = 22 - 10. What is the units digit of 18/b + 87/6?
6
Suppose -4*c = -30 - 10. What is the tens digit of c?
1
Suppose -2*s + 20 = 2*s, 4*a - 269 = -s. What is the units digit of a?
6
Let z be (-2)/((-1)/(-2)*-2). What is the tens digit of (-3)/z + (-366)/(-12)?
2
Suppose -3*d - 87 = -3*s, s + 4*d - 127 = -4*s. What is the units digit of s?
7
Suppose 0 = -7*j + 3*j + 256. What is the units digit of j?
4
Let u = 0 - 0. Suppose 28 = -u*a - 2*a. What is the units digit of (a/6)/((-2)/6)?
7
Let r(d) = -d**2 + 11*d - 9. Let x be r(7). Let a = -1 + -12. Let o = x + a. What is the units digit of o?
6
Let b = 0 - 4. Let t(x) = -x**3 - 3*x**2 - 3*x - 5. What is the units digit of t(b)?
3
Let r = 14 - 14. Let h be ((-5)/(-3))/((-2)/(-6)). Let u = r + h. What is the units digit of u?
5
Let y = -314 - -440. What is the hundreds digit of y?
1
What is the tens digit of 1/(-5) - 331/(-5)?
6
Suppose 0 = 4*c - 6*c + 4. Let t(m) = m**3 - m**2 + 4*m - 3. What is the units digit of t(c)?
9
Let i(s) = 5*s**2 - 3*s**3 + 3*s**3 - s**3 + 3 - 5*s. What is the units digit of i(3)?
6
Let j(r) be the third derivative of r**6/120 + r**5/10 - r**4/24 + r**3/6 - r**2. Suppose 5*g + 65 - 35 = 0. What is the units digit of j(g)?
7
Let p = 10 + -2. What is the units digit of p?
8
Suppose -136 = 11*b - 15*b. What is the units digit of b?
4
Let i = -86 + 198. What is the units digit of i?
2
Suppose 4*v - 4*b - 44 = 0, -5*v + 4*b = -27 - 25. Suppose 6*l - 5*a = 2*l + 19, v = 2*l - 2*a. What is the units digit of l?
1
Let k be (-2)/(-6) + (-4)/(-6). Let q be (1 + 0 - k)/1. Suppose q*u + 1 = u. What is the units digit of u?
1
What is the units digit of (45 - 1) + 1 - (1 + 2)?
2
What is the units digit of (4 - 36/16)*28?
9
Let p(m) = -8*m + m**2 + 0 - 4 + 1. Let i be p(5). What is the tens digit of (i - -2)/(-3 - -2)?
1
Let s = 32 + -13. What is the units digit of s?
9
Let p be (-112)/(-21) + (-4)/(-6). Let v = p - 4. Suppose -v*l - l - 15 = 0, 5*s + 4*l - 35 = 0. What is the tens digit of s?
1
Suppose -193*a + 99 = -192*a. What is the tens digit of a?
9
Let y = -54 - -78. Suppose -3*r + 7*r = y. Let l(n) = -n**3 + 7*n**2 - 7*n + 7. What is the units digit of l(r)?
1
Suppose 2*w = -q + 3, 0 - 6 = -2*q - 3*w. Let l be 3/(-2 + (-14)/(-4)). Let g = q - l. What is the units digit of g?
1
What is the tens digit of (357/(-28))/((-1)/4)?
5
Suppose -2*c = 2*c. Let y = c + -1. Let d = 4 + y. What is the units digit of d?
3
Suppose 4*h + 8 = -2*x, 2*x - 4*h + 3 + 13 = 0. What is the units digit of (48/(-32))/(x/32)?
8
Let q = 11 - 15. Let i be 24/(9/(-3) - q). Suppose -z + i = z. What is the units digit of z?
2
Let j = 0 - -4. Suppose -j = -0*f + 2*f. What is the units digit of 2 - (2 - 0) - f?
2
Let o = -12 - -14. Suppose o*w + 5*i + 0*i = 92, 3*i = -w + 47. What is the tens digit of w?
4
Suppose 0 = -4*l + 3*l + 4. Suppose l*h - h = 27. What is the units digit of h?
9
Let i = 29 + -14. What is the tens digit of i?
1
Suppose 3*d = -0 + 6. Suppose 0 = -y - 2, -2*o - d*o = 3*y - 2. What is the units digit of ((-1)/(-2))/(o/12)?
3
Suppose -38 = 2*k + 2. Let p = -12 - k. What is the units digit of p?
8
Let p be (5 + -1)*(-37)/4. What is the tens digit of (-2)/(-3) - p/3?
1
Let y be 33/(-6) - (-1)/2. Let m = y - -12. What is the units digit of m?
7
Suppose -50 = 9*h - 437. What is the tens digit of h?
4
Let q(d) = 3*d - 12. Let t be q(6). Let s = 17 - t. What is the units digit of s?
1
Suppose 2*c + 8 = 4*y, -3*y + 1 + 6 = -c. Let x(s) = 2*s. Let w be x(y). Let m = w + -3. What is the units digit of m?
3
Suppose 5*k - 5*u - 735 = 0, 0 = -4*k - 2*u - 0*u + 564. What is the tens digit of k?
4
Suppose -6*w + 3*w = 63. Let d = w + 36. Suppose -2*v - 2*v - u = -d, 0 = -3*v + 5*u - 6. What is the units digit of v?
3
Let u be 4/18 + 350/45. Suppose -a + 7 + u = -c, 0 = -5*c + 5. What is the units digit of a?
6
Suppose -3*y = o + 17, 4*y - 23 = 5*o + 5. Let r(v) = -v**3 - 7*v**2 + 6*v - 4. What is the units digit of r(o)?
2
Let j = -4 - -1. What is the tens digit of (-6*9)/j + -3?
1
Let n = -9 + 30. What is the tens digit of n?
2
Let h(a) = -10*a - 1. Let q be h(-1). Let o be 24 - (q/3 - 1). Suppose 2*w + u - o = 0, -2*w - 5*u = -46 + 8. What is the units digit of w?
9
Let u(s) = s**2 - 2*s - 1. Suppose 3*v - 25 = 20. Suppose -3*f = 2*f + v. What is the units digit of u(f)?
4
Let n(m) = -m. Let h be n(1). Let i be h*(0 + -1 - -1). Suppose 3*c = -s, 5*c + 32 = s - i*c. What is the units digit of s?
2
Let l be (12 - 0)*(-81)/(-36). Suppose 3*v - 22 = n - 3*n, 3*v - l = -3*n. What is the units digit of n?
5
Suppose -6 = -5*o + 3*h, 4*o + 2 = -0*h - h. Let a be -34 - (o/1 - 1). Let t = 51 + a. What is the units digit of t?
8
What is the hundreds digit of -14*2/(-3)*1380/40?
3
Let f(m) = -m**3 - 4*m**2 - 12*m - 26. What is the tens digit of f(-6)?
1
Suppose l = -2*l + g + 976, 4*g = 2*l - 644. What is the hundreds digit of l?
3
Let r(j) = -5*j - 9. Let f(h) = 11*h + 19. Let y(l) = -3*f(l) - 7*r(l). What is the tens digit of y(9)?
2
Let f = 89 - 54. Suppose -2*t = 3*t - f. What is the units digit of t?
7
What is the tens digit of 3/2*1*2 - -55?
5
Suppose -2*w - 19 - 21 = 0. What is the tens digit of (-236)/(-10) + (-8)/w?
2
Let v(u) = -2*u - 2. Let l be v(-3). Suppose 60 = k + l*k. What is the tens digit of k?
1
Suppose -3*l = -5*f - 1058, -5*l + 2*l = -2*f - 1046. What is the units digit of l?
6
Suppose -